3234.
2072
What is the remainder when 8491054 is divided by 23986?
10
What is the remainder when 863803 is divided by 5?
3
What is the remainder when 741568 is divided by 370764?
40
What is the remainder when 8374806 is divided by 1031?
1024
What is the remainder when 4149864 is divided by 1383285?
9
What is the remainder when 314807 is divided by 8279?
205
What is the remainder when 2731074 is divided by 1048?
1034
What is the remainder when 15342188 is divided by 636?
596
Calculate the remainder when 944759 is divided by 29.
26
Calculate the remainder when 275609 is divided by 3053.
839
Calculate the remainder when 231431 is divided by 815.
786
What is the remainder when 1410610 is divided by 703507?
3596
Calculate the remainder when 1694769 is divided by 1562.
1561
Calculate the remainder when 85113235 is divided by 25.
10
Calculate the remainder when 532830 is divided by 3372.
54
Calculate the remainder when 150245095 is divided by 16693899.
4
Calculate the remainder when 18929 is divided by 11121.
7808
Calculate the remainder when 76971 is divided by 876.
759
Calculate the remainder when 59331 is divided by 28918.
1495
Calculate the remainder when 1203256 is divided by 1203239.
17
What is the remainder when 1900380 is divided by 271466?
118
Calculate the remainder when 1368672 is divided by 97762.
4
Calculate the remainder when 107865 is divided by 2597.
1388
Calculate the remainder when 6766995 is divided by 1691746.
11
Calculate the remainder when 1281123 is divided by 287.
242
What is the remainder when 237912 is divided by 1618?
66
Calculate the remainder when 47718676 is divided by 72.
28
Calculate the remainder when 56465 is divided by 18760.
185
Calculate the remainder when 82990537 is divided by 156291.
16
What is the remainder when 5120416 is divided by 10?
6
What is the remainder when 9527384 is divided by 4576?
152
What is the remainder when 7739158 is divided by 4719?
4717
What is the remainder when 18989131 is divided by 670?
661
What is the remainder when 3559571 is divided by 889875?
71
Calculate the remainder when 1843283 is divided by 436.
311
Calculate the remainder when 7932 is divided by 1582.
22
What is the remainder when 4448704 is divided by 802?
10
Calculate the remainder when 543761 is divided by 611.
582
Calculate the remainder when 63566 is divided by 7050.
116
Calculate the remainder when 9428662 is divided by 3142829.
175
What is the remainder when 78098 is divided by 2784?
146
What is the remainder when 2256700 is divided by 6965?
40
Calculate the remainder when 325565 is divided by 4207.
1626
Calculate the remainder when 1136184 is divided by 1856.
312
What is the remainder when 433739 is divided by 694?
683
What is the remainder when 2430817 is divided by 71494?
21
Calculate the remainder when 79283392 is divided by 3313.
3302
What is the remainder when 16020368 is divided by 2162?
2110
Calculate the remainder when 1773905 is divided by 35.
0
Calculate the remainder when 280565 is divided by 4129.
3922
Calculate the remainder when 511226 is divided by 255431.
364
Calculate the remainder when 501400 is divided by 51.
19
Calculate the remainder when 2541300 is divided by 1270648.
4
What is the remainder when 4420482 is divided by 210?
192
Calculate the remainder when 18218394 is divided by 12.
6
Calculate the remainder when 43916 is divided by 8707.
381
What is the remainder when 65409891 is divided by 60?
51
What is the remainder when 3343537 is divided by 22?
21
What is the remainder when 4489635 is divided by 26884?
7
What is the remainder when 142510 is divided by 23716?
214
What is the remainder when 99189 is divided by 108?
45
Calculate the remainder when 81948 is divided by 70.
48
Calculate the remainder when 14193011 is divided by 7125.
11
Calculate the remainder when 402469 is divided by 4036.
2905
What is the remainder when 547478 is divided by 18249?
8
What is the remainder when 48198768 is divided by 79?
78
Calculate the remainder when 1892953 is divided by 57362.
7
What is the remainder when 4964441 is divided by 2023?
2022
Calculate the remainder when 101586 is divided by 9015.
2421
What is the remainder when 2234306 is divided by 663?
659
What is the remainder when 13967 is divided by 3815?
2522
What is the remainder when 1543406 is divided by 257194?
242
Calculate the remainder when 2699046 is divided by 7477.
7326
Calculate the remainder when 9183993 is divided by 80.
73
Calculate the remainder when 62000 is divided by 1675.
25
What is the remainder when 149525548 is divided by 176?
172
Calculate the remainder when 1201471 is divided by 70671.
64
What is the remainder when 255729 is divided by 1082?
377
Calculate the remainder when 83089 is divided by 7790.
5189
Calculate the remainder when 297455 is divided by 26837.
2248
Calculate the remainder when 245171229 is divided by 55.
39
What is the remainder when 767642 is divided by 293?
275
What is the remainder when 99515596 is divided by 149?
135
What is the remainder when 537428 is divided by 21497?
3
Calculate the remainder when 6428 is divided by 204.
104
Calculate the remainder when 78779 is divided by 220.
19
Calculate the remainder when 51102 is divided by 25534.
34
Calculate the remainder when 120336 is divided by 40108.
12
What is the remainder when 1055324 is divided by 1055189?
135
What is the remainder when 14856654 is divided by 16?
14
What is the remainder when 4782876 is divided by 1961?
1958
Calculate the remainder when 50153293 is divided by 4490.
4483
What is the remainder when 288978 is divided by 28845?
528
Calculate the remainder when 8236520 is divided by 204.
20
Calculate the remainder when 29830504 is divided by 420.
4
What is the remainder when 455227 is divided by 1167?
97
Calculate the remainder when 164498 is divided by 1505.
453
What is the remainder when 63298 is divided by 3043?
2438
What is the remainder when 424828 is divided by 1793?
1680
What is the remainder when 746856 is divided by 6023?
4
What is the remainder when 335484403 is divided by 2084?
2083
Calculate the remainder when 16671134 is divided by 1325.
1309
What is the remainder when 22658784 is divided by 3462?
3456
Calculate the remainder when 235431 is divided by 2308.
15
Calculate the remainder when 3700759 is divided by 457.
430
What is the remainder when 54828683 is divided by 13707167?
15
What is the remainder when 32273626 is divided by 79102?
10
Calculate the remainder when 4199279 is divided by 149.
12
What is the remainder when 218974 is divided by 105953?
7068
What is the remainder when 698493 is divided by 23?
6
Calculate the remainder when 114510398 is divided by 40.
38
What is the remainder when 2542388 is divided by 1527?
1460
Calculate the remainder when 38958891 is divided by 3042.
3039
Calculate the remainder when 13675963 is divided by 770.
763
What is the remainder when 172485934 is divided by 18?
16
What is the remainder when 13707328 is divided by 5?
3
What is the remainder when 96859 is divided by 95439?
1420
What is the remainder when 6805028 is divided by 274?
238
Calculate the remainder when 82121 is divided by 483.
11
Calculate the remainder when 18610228 is divided by 5374.
66
Calculate the remainder when 781558 is divided by 2159.
0
What is the remainder when 6824032 is divided by 1364794?
62
Calculate the remainder when 408225 is divided by 1620.
1605
Calculate the remainder when 2025667 is divided by 6451.
53
Calculate the remainder when 67027 is divided by 19589.
8260
What is the remainder when 3271518 is divided by 29?
28
What is the remainder when 6079483 is divided by 10573?
8
What is the remainder when 11995934 is divided by 95?
94
What is the remainder when 26860742 is divided by 1790?
2
Calculate the remainder when 354717 is divided by 182.
181
Calculate the remainder when 267930947 is divided by 51.
50
What is the remainder when 176657 is divided by 1605?
107
Calculate the remainder when 9107077 is divided by 5122.
161
What is the remainder when 1078267 is divided by 59902?
31
What is the remainder when 60773920 is divided by 594?
592
Calculate the remainder when 4117034 is divided by 1824.
266
Calculate the remainder when 531054 is divided by 544.
110
Calculate the remainder when 3098409 is divided by 102.
